{"id":908,"date":"2026-03-15T15:10:07","date_gmt":"2026-03-15T14:10:07","guid":{"rendered":"https:\/\/immocom.de\/meet\/?page_id=908"},"modified":"2026-04-15T10:30:21","modified_gmt":"2026-04-15T08:30:21","slug":"it-dresden-programm","status":"publish","type":"page","link":"https:\/\/immocom.de\/meet\/it-dresden\/it-dresden-programm\/","title":{"rendered":"IT-Dresden Programm"},"content":{"rendered":"\t\t<div data-elementor-type=\"wp-page\" data-elementor-id=\"908\" class=\"elementor elementor-908\">\n\t\t\t\t<div class=\"elementor-element elementor-element-cc402d3 e-flex e-con-boxed e-con e-parent\" data-id=\"cc402d3\" data-element_type=\"container\" data-e-type=\"container\">\n\t\t\t\t\t<div class=\"e-con-inner\">\n\t\t\t\t<div class=\"elementor-element elementor-element-4d257ef elementor-widget elementor-widget-text-editor\" data-id=\"4d257ef\" data-element_type=\"widget\" data-e-type=\"widget\" data-widget_type=\"text-editor.default\">\n\t\t\t\t\t\t\t\t\t<div>\n<h1><b>Dresdner<br>Immobilientag<\/b><\/h1>\n<\/div>\n<p>By IMMOCOM<\/p>\n<div>22.04.2026 | Einlass 16:15 Uhr | Beginn 17:00 Uhr | Bilderberg Bellevue Hotel Dresden<\/div>\t\t\t\t\t\t\t\t<\/div>\n\t\t\t\t<div class=\"elementor-element elementor-element-bf8e215 elementor-widget elementor-widget-heading\" data-id=\"bf8e215\" data-element_type=\"widget\" data-e-type=\"widget\" data-widget_type=\"heading.default\">\n\t\t\t\t\t<h2 class=\"elementor-heading-title elementor-size-default\">Programm<\/h2>\t\t\t\t<\/div>\n\t\t\t\t<div class=\"elementor-element elementor-element-45dac33 elementor-widget elementor-widget-text-editor\" data-id=\"45dac33\" data-element_type=\"widget\" data-e-type=\"widget\" data-widget_type=\"text-editor.default\">\n\t\t\t\t\t\t\t\t\t<p><b>17:00<\/b><strong> bis 18:00 Uhr &#8211; Auftakt<\/strong><br \/><strong>\u201eDresden &#8211; Wenn St\u00e4dte leuchten: Der Immobilienblick nach vorn&#8220;<\/strong><\/p><p>Moderation:<br \/><strong>Bernd Morgenroth,<\/strong> Gesch\u00e4ftsf\u00fchrender Gesellschafter BSKP<\/p><p>Gru\u00dfwort:<br \/><strong>Frank Wie\u00dfner,<\/strong> Vorstandsmitglied BFW Landesverband Mitteldeutschland e.V.<\/p><p>Impuls:<br \/><strong>Stephan K\u00fchn,<\/strong> B\u00fcrgermeister, Beigeordneter f\u00fcr Stadtentwicklung, Bau, Verkehr und Liegenschaften Landeshauptstadt Dresden<\/p><p>Podium:<br \/><strong>Thomas Horn,<\/strong> Gesch\u00e4ftsf\u00fchrung Wirtschaftsf\u00f6rderung Sachsen GmbH<br \/><strong>Stephan K\u00fchn,<\/strong> B\u00fcrgermeister, Beigeordneter f\u00fcr Stadtentwicklung, Bau, Verkehr und Liegenschaften Landeshauptstadt Dresden<br \/><strong>Dr. Andreas Sperl,<\/strong> Pr\u00e4sident Industrie- und Handelskammer Dresden<\/p><p>18:00 bis 19:00 Uhr &#8211; Pause<br \/>Kommunikation und Networking<\/p><p><strong>19:00 bis 19:15 Uhr &#8211; Projektvorstellung<\/strong><\/p><p><span style=\"font-weight: bold;\">Erik Bade,<\/span>\u00a0Sales Management Goldbeck Ost GmbH<\/p><p><b>19:15 bis 20:30 Uhr &#8211; Podium<\/b><br \/><strong>\u201eDresden gestalten: Neue Entwicklungsstrategien, innovative Fl\u00e4chenkonzepte und wirtschaftliche Realit\u00e4t 2026&#8243;<\/strong><\/p><p>Moderation:<br \/><strong>Bernd Morgenroth,<\/strong> Gesch\u00e4ftsf\u00fchrender Gesellschafter BSKP<\/p><p>Podium:<br \/><span style=\"font-weight: bold;\">Erik Bade,<\/span>\u00a0Sales Management Goldbeck Ost GmbH<br \/><span style=\"font-weight: bold;\">Dipl.-Ing. Tobias N\u00f6fer,<\/span>\u00a0Gesch\u00e4ftsf\u00fchrung N\u00f6fer Gesellschaft von Architekten mbH<br \/><span style=\"font-weight: bold;\">Tim Obermann,<\/span>\u00a0Bereichsleitung Projektentwicklung Berlin &amp; Leipzig OTTO WULFF Bauunternehmung GmbH<br \/><strong>Udo Cordts-Sanzenbacher, <\/strong>Development &amp; Sales\u00a0GROPYUS<\/p>\t\t\t\t\t\t\t\t<\/div>\n\t\t\t\t\t<\/div>\n\t\t\t\t<\/div>\n\t\t<div class=\"elementor-element elementor-element-07589ec e-flex e-con-boxed e-con e-parent\" data-id=\"07589ec\" data-element_type=\"container\" data-e-type=\"container\" data-settings=\"{&quot;background_background&quot;:&quot;classic&quot;}\">\n\t\t\t\t\t<div class=\"e-con-inner\">\n\t\t<div class=\"elementor-element elementor-element-85765cb e-con-full e-flex e-con e-child\" data-id=\"85765cb\" data-element_type=\"container\" data-e-type=\"container\">\n\t\t<div class=\"elementor-element elementor-element-cf91c9b e-con-full e-flex e-con e-child\" data-id=\"cf91c9b\" data-element_type=\"container\" data-e-type=\"container\" data-settings=\"{&quot;background_background&quot;:&quot;classic&quot;}\">\n\t\t\t\t<div class=\"elementor-element elementor-element-955caa6 elementor-view-default elementor-widget elementor-widget-icon\" data-id=\"955caa6\" data-element_type=\"widget\" data-e-type=\"widget\" data-widget_type=\"icon.default\">\n\t\t\t\t\t\t\t<div class=\"elementor-icon-wrapper\">\n\t\t\t<div class=\"elementor-icon\">\n\t\t\t<svg aria-hidden=\"true\" class=\"e-font-icon-svg e-fas-hands-helping\" viewBox=\"0 0 640 512\" xmlns=\"http:\/\/www.w3.org\/2000\/svg\"><path d=\"M488 192H336v56c0 39.7-32.3 72-72 72s-72-32.3-72-72V126.4l-64.9 39C107.8 176.9 96 197.8 96 220.2v47.3l-80 46.2C.7 322.5-4.6 342.1 4.3 357.4l80 138.6c8.8 15.3 28.4 20.5 43.7 11.7L231.4 448H368c35.3 0 64-28.7 64-64h16c17.7 0 32-14.3 32-32v-64h8c13.3 0 24-10.7 24-24v-48c0-13.3-10.7-24-24-24zm147.7-37.4L555.7 16C546.9.7 527.3-4.5 512 4.3L408.6 64H306.4c-12 0-23.7 3.4-33.9 9.7L239 94.6c-9.4 5.8-15 16.1-15 27.1V248c0 22.1 17.9 40 40 40s40-17.9 40-40v-88h184c30.9 0 56 25.1 56 56v28.5l80-46.2c15.3-8.9 20.5-28.4 11.7-43.7z\"><\/path><\/svg>\t\t\t<\/div>\n\t\t<\/div>\n\t\t\t\t\t\t<\/div>\n\t\t\t\t<div class=\"elementor-element elementor-element-435d8ef elementor-align-center elementor-widget elementor-widget-button\" data-id=\"435d8ef\" data-element_type=\"widget\" data-e-type=\"widget\" data-widget_type=\"button.default\">\n\t\t\t\t\t\t\t\t\t\t<a class=\"elementor-button elementor-button-link elementor-size-sm\" href=\"https:\/\/www.immocom.com\/wp-content\/uploads\/2025\/04\/Formular_Sponsoringpakete.pdf\" target=\"_blank\">\n\t\t\t\t\t\t<span class=\"elementor-button-content-wrapper\">\n\t\t\t\t\t\t\t\t\t<span class=\"elementor-button-text\">Partner werden<\/span>\n\t\t\t\t\t<\/span>\n\t\t\t\t\t<\/a>\n\t\t\t\t\t\t\t\t<\/div>\n\t\t\t\t<\/div>\n\t\t<div class=\"elementor-element elementor-element-478b52e e-con-full e-flex e-con e-child\" data-id=\"478b52e\" data-element_type=\"container\" data-e-type=\"container\" data-settings=\"{&quot;background_background&quot;:&quot;classic&quot;}\">\n\t\t\t\t<div class=\"elementor-element elementor-element-40b7748 elementor-view-default elementor-widget elementor-widget-icon\" data-id=\"40b7748\" data-element_type=\"widget\" data-e-type=\"widget\" data-widget_type=\"icon.default\">\n\t\t\t\t\t\t\t<div class=\"elementor-icon-wrapper\">\n\t\t\t<div class=\"elementor-icon\">\n\t\t\t<svg aria-hidden=\"true\" class=\"e-font-icon-svg e-fas-bahai\" viewBox=\"0 0 512 512\" xmlns=\"http:\/\/www.w3.org\/2000\/svg\"><path d=\"M496.25 202.52l-110-15.44 41.82-104.34c6.67-16.64-11.6-32.18-26.59-22.63L307.44 120 273.35 12.82C270.64 4.27 263.32 0 256 0c-7.32 0-14.64 4.27-17.35 12.82l-34.09 107.19-94.04-59.89c-14.99-9.55-33.25 5.99-26.59 22.63l41.82 104.34-110 15.43c-17.54 2.46-21.68 26.27-6.03 34.67l98.16 52.66-74.48 83.54c-10.92 12.25-1.72 30.93 13.29 30.93 1.31 0 2.67-.14 4.07-.45l108.57-23.65-4.11 112.55c-.43 11.65 8.87 19.22 18.41 19.22 5.15 0 10.39-2.21 14.2-7.18l68.18-88.9 68.18 88.9c3.81 4.97 9.04 7.18 14.2 7.18 9.54 0 18.84-7.57 18.41-19.22l-4.11-112.55 108.57 23.65c17.36 3.76 29.21-17.2 17.35-30.49l-74.48-83.54 98.16-52.66c15.64-8.39 11.5-32.2-6.04-34.66zM338.51 311.68l-51.89-11.3 1.97 53.79L256 311.68l-32.59 42.49 1.96-53.79-51.89 11.3 35.6-39.93-46.92-25.17 52.57-7.38-19.99-49.87 44.95 28.62L256 166.72l16.29 51.23 44.95-28.62-19.99 49.87 52.57 7.38-46.92 25.17 35.61 39.93z\"><\/path><\/svg>\t\t\t<\/div>\n\t\t<\/div>\n\t\t\t\t\t\t<\/div>\n\t\t\t\t<div class=\"elementor-element elementor-element-4ef1e35 elementor-align-center elementor-widget elementor-widget-button\" data-id=\"4ef1e35\" data-element_type=\"widget\" data-e-type=\"widget\" data-widget_type=\"button.default\">\n\t\t\t\t\t\t\t\t\t\t<a class=\"elementor-button elementor-button-link elementor-size-sm\" href=\"https:\/\/www.immocom.com\/wp-content\/uploads\/2025\/04\/IMMOCOM_Mediadaten2025_Event_Produktuebersicht.pdf\" target=\"_blank\">\n\t\t\t\t\t\t<span class=\"elementor-button-content-wrapper\">\n\t\t\t\t\t\t\t\t\t<span class=\"elementor-button-text\">Leistungen und Produkte<\/span>\n\t\t\t\t\t<\/span>\n\t\t\t\t\t<\/a>\n\t\t\t\t\t\t\t\t<\/div>\n\t\t\t\t<\/div>\n\t\t\t\t<\/div>\n\t\t\t\t\t<\/div>\n\t\t\t\t<\/div>\n\t\t\t\t<\/div>\n\t\t","protected":false},"excerpt":{"rendered":"<p>DresdnerImmobilientag By IMMOCOM 22.04.2026 | Einlass 16:15 Uhr | Beginn 17:00 Uhr | Bilderberg Bellevue Hotel Dresden Programm 17:00 bis 18:00 Uhr &#8211; Auftakt\u201eDresden &#8211; Wenn St\u00e4dte leuchten: Der Immobilienblick nach vorn&#8220; Moderation:Bernd Morgenroth, Gesch\u00e4ftsf\u00fchrender Gesellschafter BSKP Gru\u00dfwort:Frank Wie\u00dfner, Vorstandsmitglied BFW Landesverband Mitteldeutschland e.V. Impuls:Stephan K\u00fchn, B\u00fcrgermeister, Beigeordneter f\u00fcr Stadtentwicklung, Bau, Verkehr und Liegenschaften Landeshauptstadt &#8230; <a title=\"IT-Dresden Programm\" class=\"read-more\" href=\"https:\/\/immocom.de\/meet\/it-dresden\/it-dresden-programm\/\" aria-label=\"Mehr Informationen \u00fcber IT-Dresden Programm\">Weiterlesen<\/a><\/p>\n","protected":false},"author":1,"featured_media":0,"parent":878,"menu_order":0,"comment_status":"closed","ping_status":"closed","template":"","meta":{"_acf_changed":false,"footnotes":""},"class_list":["post-908","page","type-page","status-publish"],"acf":[],"_links":{"self":[{"href":"https:\/\/immocom.de\/meet\/wp-json\/wp\/v2\/pages\/908","targetHints":{"allow":["GET"]}}],"collection":[{"href":"https:\/\/immocom.de\/meet\/wp-json\/wp\/v2\/pages"}],"about":[{"href":"https:\/\/immocom.de\/meet\/wp-json\/wp\/v2\/types\/page"}],"author":[{"embeddable":true,"href":"https:\/\/immocom.de\/meet\/wp-json\/wp\/v2\/users\/1"}],"replies":[{"embeddable":true,"href":"https:\/\/immocom.de\/meet\/wp-json\/wp\/v2\/comments?post=908"}],"version-history":[{"count":37,"href":"https:\/\/immocom.de\/meet\/wp-json\/wp\/v2\/pages\/908\/revisions"}],"predecessor-version":[{"id":1517,"href":"https:\/\/immocom.de\/meet\/wp-json\/wp\/v2\/pages\/908\/revisions\/1517"}],"up":[{"embeddable":true,"href":"https:\/\/immocom.de\/meet\/wp-json\/wp\/v2\/pages\/878"}],"wp:attachment":[{"href":"https:\/\/immocom.de\/meet\/wp-json\/wp\/v2\/media?parent=908"}],"curies":[{"name":"wp","href":"https:\/\/api.w.org\/{rel}","templated":true}]}}